he remainder when 5855 is divided by 16?
15
Calculate the remainder when 2250 is divided by 172.
14
What is the remainder when 505102 is divided by 2255?
2237
Calculate the remainder when 8284 is divided by 8260.
24
Calculate the remainder when 7992 is divided by 109.
35
What is the remainder when 11179 is divided by 793?
77
Calculate the remainder when 112098 is divided by 112097.
1
Calculate the remainder when 996 is divided by 142.
2
What is the remainder when 2001 is divided by 142?
13
Calculate the remainder when 52398 is divided by 26185.
28
What is the remainder when 4047 is divided by 675?
672
What is the remainder when 128997 is divided by 375?
372
What is the remainder when 4098 is divided by 28?
10
Calculate the remainder when 489 is divided by 444.
45
Calculate the remainder when 2804 is divided by 921.
41
Calculate the remainder when 2355 is divided by 334.
17
What is the remainder when 34970 is divided by 133?
124
Calculate the remainder when 527 is divided by 294.
233
What is the remainder when 18193 is divided by 520?
513
What is the remainder when 3326851 is divided by 1077?
1075
What is the remainder when 33352 is divided by 227?
210
What is the remainder when 174460 is divided by 58147?
19
What is the remainder when 36302 is divided by 7259?
7
What is the remainder when 2753 is divided by 41?
6
Calculate the remainder when 2158 is divided by 102.
16
Calculate the remainder when 4078 is divided by 1162.
592
Calculate the remainder when 313917 is divided by 30.
27
Calculate the remainder when 17584 is divided by 271.
240
What is the remainder when 64007 is divided by 11?
9
Calculate the remainder when 1821 is divided by 667.
487
What is the remainder when 517813 is divided by 8?
5
What is the remainder when 5782 is divided by 1166?
1118
Calculate the remainder when 9882 is divided by 9857.
25
Calculate the remainder when 34802 is divided by 75.
2
Calculate the remainder when 3707 is divided by 176.
11
Calculate the remainder when 4345 is divided by 57.
13
What is the remainder when 4970 is divided by 42?
14
What is the remainder when 1302 is divided by 254?
32
Calculate the remainder when 2632 is divided by 190.
162
Calculate the remainder when 4475 is divided by 342.
29
Calculate the remainder when 2619 is divided by 805.
204
What is the remainder when 2721 is divided by 356?
229
Calculate the remainder when 112498 is divided by 589.
588
Calculate the remainder when 141851 is divided by 11820.
11
Calculate the remainder when 1636 is divided by 92.
72
Calculate the remainder when 30880 is divided by 145.
140
What is the remainder when 3701 is divided by 1836?
29
What is the remainder when 43082 is divided by 121?
6
Calculate the remainder when 2232 is divided by 1099.
34
What is the remainder when 54259 is divided by 88?
51
Calculate the remainder when 161035 is divided by 80516.
3
What is the remainder when 3624819 is divided by 190?
189
What is the remainder when 2829 is divided by 47?
9
Calculate the remainder when 5430 is divided by 629.
398
What is the remainder when 38750 is divided by 2583?
5
Calculate the remainder when 107815 is divided by 20.
15
Calculate the remainder when 11414 is divided by 1424.
22
Calculate the remainder when 17315 is divided by 222.
221
Calculate the remainder when 757016 is divided by 361.
360
What is the remainder when 7032 is divided by 2341?
9
Calculate the remainder when 2723 is divided by 528.
83
Calculate the remainder when 339 is divided by 193.
146
Calculate the remainder when 193921 is divided by 2132.
2041
What is the remainder when 18911 is divided by 3780?
11
Calculate the remainder when 5333 is divided by 58.
55
Calculate the remainder when 4721 is divided by 285.
161
Calculate the remainder when 10488 is divided by 619.
584
Calculate the remainder when 24399 is divided by 469.
11
Calculate the remainder when 82094 is divided by 507.
467
Calculate the remainder when 9040 is divided by 47.
16
Calculate the remainder when 17518 is divided by 4322.
230
What is the remainder when 7178 is divided by 805?
738
Calculate the remainder when 67647 is divided by 448.
447
Calculate the remainder when 20471 is divided by 5113.
19
What is the remainder when 822 is divided by 217?
171
Calculate the remainder when 171095 is divided by 85533.
29
Calculate the remainder when 2792 is divided by 35.
27
What is the remainder when 118710 is divided by 71?
69
Calculate the remainder when 53624 is divided by 26789.
46
What is the remainder when 655700 is divided by 27?
5
What is the remainder when 3772 is divided by 151?
148
Calculate the remainder when 38807 is divided by 705.
32
What is the remainder when 243418 is divided by 14?
0
Calculate the remainder when 342 is divided by 251.
91
Calculate the remainder when 73148 is divided by 266.
264
What is the remainder when 3988 is divided by 234?
10
What is the remainder when 257409 is divided by 36772?
5
Calculate the remainder when 4986 is divided by 741.
540
Calculate the remainder when 5404581 is divided by 129.
126
What is the remainder when 278862 is divided by 55770?
12
Calculate the remainder when 225981 is divided by 2430.
2421
What is the remainder when 65781 is divided by 9?
0
What is the remainder when 10485 is divided by 567?
279
What is the remainder when 283927 is divided by 10?
7
What is the remainder when 69283 is divided by 412?
67
What is the remainder when 24110624 is divided by 1375?
1374
Calculate the remainder when 246958 is divided by 16.
14
Calculate the remainder when 88291 is divided by 6.
1
What is the remainder when 431207 is divided by 18?
17
What is the remainder when 45334 is divided by 11329?
18
Calculate the remainder when 1884602 is divided by 123.
119
Calculate the remainder when 4996 is divided by 49.
47
Calculate the remainder when 71798 is divided by 35764.
270
What is the remainder when 54781 is divided by 27373?
35
What is the remainder when 4303022 is divided by 17?
16
Calculate the remainder when 228778 is divided by 228703.
75
What is the remainder when 16167 is divided by 154?
151
Calculate the remainder when 52159 is divided by 276.
271
Calculate the remainder when 854684 is divided by 26.
12
What is the remainder when 24073 is divided by 4807?
38
What is the remainder when 1881 is divided by 41?
36
Calculate the remainder when 9316942 is divided by 1053.
1051
What is the remainder when 5914 is divided by 394?
4
What is the remainder when 46050 is divided by 383?
90
What is the remainder when 145058 is divided by 391?
388
Calculate the remainder when 22200 is divided by 505.
485
What is the remainder when 22424 is divided by 178?
174
What is the remainder when 407678 is divided by 455?
453
What is the remainder when 682985 is divided by 3?
2
Calculate the remainder when 1484 is divided by 123.
8
Calculate the remainder when 135016 is divided by 78.
76
What is the remainder when 12476 is divided by 820?
176
What is the remainder when 3118 is divided by 776?
14
Calculate the remainder when 5442 is divided by 212.
142
Calculate the remainder when 447037 is divided by 160.
157
What is the remainder when 281242 is divided by 31249?
1
What is the remainder when 4344 is divided by 453?
267
What is the remainder when 22458 is divided by 1020?
18
What is the remainder when 123708 is divided by 45?
3
Calculate the remainder when 407022 is divided by 106.
88
What is the remainder when 1705 is divided by 848?
9
What is the remainder when 1404 is divided by 272?
44
Calculate the remainder when 12119759 is divided by 620.
619
What is the remainder when 12130 is divided by 334?
106
What is the remainder when 40592 is divided by 375?
92
What is the remainder when 111958 is divided by 421?
393
Calculate the remainder when 15532 is divided by 5172.
16
Calculate the remainder when 198378 is divided by 19.
18
What is the remainder when 10442 is divided by 806?
770
What is the remainder when 6048 is divided by 126?
0
Calculate the remainder when 1665802 is divided by 653.
652
Calculate the remainder when 104528 is divided by 542.
464
What is the remainder when 4182 is divided by 1368?
78
What is the remainder when 8655 is divided by 101?
70
What is the remainder when 8856 is divided by 40?
16
What is the remainder when 86885 i